e tens digit of m?
4
Suppose -4*p + 10 = -3*c + 2, -4*c = -2*p + 4. Let s = 1 - c. What is the tens digit of (-2 + s)/(10/(-970))?
9
Let w(g) = 3*g - 36. Let a be w(7). What is the units digit of ((-500)/a)/((-14)/(-21))?
0
Suppose 5*c + 5*g - 33625 = 20810, 6*g - 10867 = -c. What is the ten thousands digit of c?
1
Let g = -46 + 50. Let t be 3 - 0 - (-10 + (8 - g)). Suppose 0 = -5*z + 571 + t. What is the units digit of z?
6
Suppose 5*s + 5*r - 60810 = 0, -3*s + 170*r + 36472 = 175*r. What is the units digit of s?
9
Let j(g) be the third derivative of g**6/120 + 4*g**5/15 - 37*g**4/24 - 3*g**3/2 - 67*g**2 - 2*g. What is the tens digit of j(-16)?
8
Let b(r) = r**3 + 33*r + 66777. What is the units digit of b(0)?
7
Suppose -25*u + 33*u - 3336 = 0. Let x = 428 - u. What is the units digit of x?
1
Suppose 0 = 17*p - 9*p - 7*p - 7259. What is the hundreds digit of p?
2
Let l(i) = -2*i**3 - 2 - 6 - 8*i**2 + 13076*i - 13070*i. What is the hundreds digit of l(-8)?
4
Let f(u) = 19*u - 54. Let n be f(3). Suppose -n*r - 419 = -i - 1589, -3*i = 4*r - 1560. What is the tens digit of r?
9
Suppose -5*d + 9 = -21. Suppose d*w = -3*w + 2952. What is the units digit of w?
8
Suppose -76 = -10*f - 86. What is the hundreds digit of (90/(-60))/((-1991)/(-1994) + f)?
9
Let v(m) = -21 - 5 - 228*m + 0*m. What is the hundreds digit of v(-1)?
2
Let x(q) = q**3 - 32*q**2 - 81*q + 99. Suppose -3*l = 4*u - u - 117, 3*l - 2*u = 97. What is the units digit of x(l)?
9
Let h(i) = -19*i - 228. Let m be h(-12). Suppose 4*l = 2*t + 3190, m = 29*l - 27*l + t - 1605. What is the tens digit of l?
0
What is the thousands digit of ((-4)/30 - 219008/(-15)) + 6/(-15)?
4
Let y(j) = -3*j + 69. Let g be y(23). What is the tens digit of (-1*(g + 1))/((-38)/13452)?
5
Let t = 4 - 4. Suppose -2*j - c - 19 = t, -5*c - 27 + 9 = -j. Let n(v) = -22*v + 14. What is the units digit of n(j)?
8
Let v = -1479 - -2990. Suppose 3*u - 4*p - 1841 = 0, -4614 + v = -5*u - 2*p. What is the hundreds digit of u?
6
Let o(s) = s**3 - 10*s**2 + 2*s + 79. Let x be o(9). Let n = 456 + x. What is the hundreds digit of n?
4
Suppose -2*k + 4*n - 1 = -27, 5*n = -20. Suppose -4*a + 2 = 2*f - 6*a, 3*f + 5 = k*a. Suppose -y - 28 = -f*y. What is the units digit of y?
7
Suppose -8*a + 5455 = -5*a - 50213. What is the thousands digit of a?
8
Let v = -174 - -223. Let i = 399 - v. What is the units digit of i?
0
Suppose -2*k - 1 = 3*t - 6, -4 = 2*t + 5*k. Suppose -2119 = -t*i - d, 3*i + 2*d + 836 = 2953. What is the tens digit of i?
0
Suppose 14*d - 9420 = 4776. Let u = d + -648. What is the hundreds digit of u?
3
Suppose -9082 = -5*h + 2*u, 3*h - 4*u = -6*u + 5446. Suppose 0 = 3*v - 4*n + 5*n - 2719, 0 = 2*v - n - h. Suppose 9*r - 380 = v. What is the tens digit of r?
4
Suppose -19*b + 22*b - 30*b = -220320. What is the tens digit of b?
6
Let k = 129941 - 70863. What is the tens digit of k?
7
Let y(k) = -k**3 + 8*k**2 - 6*k - 5. Let p be y(7). Let a = -1663 - -2496. Suppose p*m = 9*m - a. What is the units digit of m?
9
Suppose -2*p + 1754 = 2*y, y - 476 - 410 = -4*p. Suppose -y = -5*t + 1021. What is the hundreds digit of t?
3
Let b(n) = 176*n - 44. Let j = -559 - -562. What is the tens digit of b(j)?
8
Let h(d) = -193*d**2 - 106*d - 5. Let r(u) = 192*u**2 + 107*u + 6. Let x(y) = -6*h(y) - 5*r(y). What is the thousands digit of x(-3)?
1
Let l(x) = x**3 - 97*x**2 + 64*x + 3111. What is the hundreds digit of l(103)?
3
Let c(i) = 2 - 16*i - 7 - 3 + 4. Let y = 13 + -23. What is the tens digit of c(y)?
5
Let f be (-1)/(3 + 34/(-11)). Suppose -36 = -5*g + 3*g. Suppose 0 = f*u - 667 + g. What is the tens digit of u?
5
Suppose 2*q - 36 + 32 = 0, 2*q + 6930 = 2*b. What is the hundreds digit of b?
4
Suppose -2*v = -4*q + 20, -1 = 2*q + 2*v - 5. Suppose 2*k + q*m = 1452, 2186 = -k + 4*k + 4*m. What is the units digit of k?
4
Let a(n) = -13*n**2 - 12*n + 23. Let x = 33 - 37. Let g(w) = 7*w**2 + 7*w - 12. Let j(p) = x*a(p) - 7*g(p). What is the units digit of j(-6)?
6
Let n = 45 + -39. Suppose -n*d = -11*d + 45. What is the units digit of (14*12/d)/((-7)/(-21))?
6
Let p = 359 - 293. What is the units digit of 5/(-6) - (-18667)/p?
2
Let d(x) = 39*x**2 + 7*x + 2. Let f be d(5). Suppose -13*n + 3014 = f. What is the units digit of n?
4
Suppose -5*o + 218 - 153 = 0. Let m(y) be the third derivative of -y**6/120 + 7*y**5/30 + 5*y**4/24 + 13*y**3/6 + y**2. What is the units digit of m(o)?
7
Let s = 4914 + -3487. Suppose 16*a - s = 3981. What is the tens digit of a?
3
What is the ten thousands digit of 319010/18 - (8288/288 - 29)?
1
Suppose -5*h + 665 = 5*f, -2*f + 5*h + 229 + 72 = 0. Suppose -4*g - 263 = -275. Suppose -g*d = -36 - f. What is the tens digit of d?
5
What is the tens digit of ((-2748)/2)/(-11 - (-1295)/119)?
7
Suppose -3*m = 5*x - 1896, x + x = -5*m + 3141. What is the tens digit of m?
2
Suppose 5*j + d + 67 = 0, 6*d - 55 = 5*j + d. Let w be (-109)/(-1) - (-81 + 73). What is the tens digit of 3411/w + 2/j?
2
Suppose -11*u + 51046 + 6297 = 0. What is the tens digit of u?
1
Let s(w) = 559*w - 2121. What is the hundreds digit of s(7)?
7
Suppose -3*h + 66 = 19*h. What is the hundreds digit of (h - 48/12)*(-971)/1?
9
Suppose 5*x = -3*i - 1, 8 = 4*i - 5*x - 49. Suppose -i*m - 450 = -13*m. What is the units digit of m?
0
Suppose -w - 4*z = 2, 10 = 4*w - 2*z - 0. Suppose -l - w = -7. What is the hundreds digit of 238/l*-5*(3 - 4)?
2
Let h be -15083*(-3 + 2/1). Suppose -22*i + h = 1201. What is the hundreds digit of i?
6
Let j be ((-4)/(-12))/(3/5004). Let a = -292 + j. Suppose 4*d - 136 = 4*q + a, 6 = 3*q. What is the units digit of d?
2
Suppose -195*n + 152028 = -113*n. What is the units digit of n?
4
What is the units digit of (-9)/(-6)*(-4 - (-15 - 489))?
0
Suppose 0*n = n - 10*n. Let z(h) = -h**3 + h**2 - h - 197. Let a be z(n). Let p = -67 - a. What is the tens digit of p?
3
Let m(h) = 301*h + 1406. What is the hundreds digit of m(29)?
1
Let f(b) be the first derivative of -b**3/3 + 4*b**2 + 2*b + 7. Let i be f(4). What is the units digit of i/(-27)*186/(-4)?
1
Let n = 22673 + 16666. What is the tens digit of n?
3
Let s(g) = -19*g - 86. Let q be s(-4). What is the units digit of (-1502)/q - 7/140*4?
0
Suppose 3*l - 2 = 4*m, -8*m + 4*m = -5*l + 6. Let v(s) = 244*s**2 - 3*s - 7. What is the tens digit of v(l)?
6
Suppose -11*b - 4 = -7*b. Let n be -1 + 0 - (1 - 3 - b). Suppose n = -2*r - 107 + 493. What is the units digit of r?
3
Let z(k) = -k**3 - 9*k**3 - 7 + 11*k**3 - 11 - 24*k + 9*k**2. Let u be z(-11). Suppose 3*b + 132 = u*m, -m + 2*b = -5 - 33. What is the units digit of m?
0
Let q be (-1099)/6 + (-20)/(-120). What is the hundreds digit of (0 - q)*10*1/2?
9
Let w(i) = 5*i**2 - 21 - i**3 - 29 - 7*i + 57. Let z be w(5). What is the units digit of 3/4 - 3255/z?
7
Suppose -j = -s - 6201, -5*s + 18619 = -344*j + 347*j. What is the thousands digit of j?
6
What is the units digit of -12 + (-95 + 8)/(15/(-12590))?
0
Let h(g) = g**2 + 3*g - 1. Let n be h(-4). Suppose -4*y - n*j + 2292 = -0*y, -5*j + 2860 = 5*y. What is the units digit of y?
6
Let t = 11649 + -16940. Let h be 7/42 - t/6. Suppose -7*s = 2*s - h. What is the tens digit of s?
9
Suppose 24*g = 22*g + 150. Let c = -77 + g. What is the tens digit of 0 - (-1 + (-207)/(-6))*c?
6
What is the thousands digit of -6 + (15 + -6 - -1964 - (0 + -2))?
1
Let f(h) be the third derivative of 17*h**5/60 + 3*h**4/8 + h**3/3 - h**2. Suppose -c - 3*u = 0, 4*u - 6*u = -3*c + 11. What is the tens digit of f(c)?
8
Let h be 35/(-112)*-92*100. Let t = -1938 + h. What is the units digit of t?
7
Let j be (-4)/3*((-5642)/4 - 4). Suppose 12*y - 1906 = j. What is the hundreds digit of y?
3
Let z(b) = -359*b - 329. What is the thousands digit of z(-34)?
1
Let g(r) = -r - 4. Let i be g(-10). Suppose 1423 = i*t - 2435. What is the units digit of t?
3
Let f(l) = -24*l + 24. Let g be f(-5). Suppose -49*v + g = -43*v. What is the units digit of v?
4
Let r(w) be the second derivative of 79*w**6/720 + w**5/40 + 5*w**4/4 + 15*w. Let x(k) be the third derivative of r(k). What is the hundreds digit of x(2)?
1
Let d(w) = 121*w**3 + 33*w + 17*w**2 + 125*w**3 - 33 - 247*w**3. What is the hundreds digit of d(18)?
2
Suppose -26947 = -4*c + u, -c + 3196 = -u - 3543. What is the hundreds digit of c?
7
Let a(c) = -19*c